q - 4*u = 14 + 14, q = -3*u + 35. Let v be ((-14)/28)/((-2)/4). Let f be 1*(-2 + 83) - v. Calculate the greatest common divisor of f and q.
16
Let u be (-48)/(-9)*(-9)/(-4). Let i(m) = -7*m**3 - m**2 + m - 2. Let z be i(-2). Suppose z = 4*r - 0*r. What is the highest common divisor of u and r?
12
Let t(p) = -4*p - 44. Let c be t(-17). Calculate the highest common divisor of c and 6.
6
Suppose -4*t = -3*t. Let f(m) = -m + 24. Let z be f(t). Suppose 6 = r - z. Calculate the greatest common divisor of r and 20.
10
Let r(k) be the second derivative of -k**3/3 - 9*k**2/2 - 3*k. Let f be r(-7). What is the greatest common factor of f and 1?
1
Suppose 9 = -2*x - x + 4*b, -x + 2*b - 5 = 0. Calculate the greatest common factor of 7 and x.
1
Suppose -2*y - 4 = -4*n, 4*y - 3*n + 17 = 4. Let d be (-103)/(-5) - y/10. Let p be 0 - -6 - (2 - 3). Calculate the highest common divisor of d and p.
7
Let y be (-4 + 6 + -2)/2 - -40. Calculate the greatest common factor of y and 8.
8
Let c(t) = t**3 + 3*t**2 - 3*t - 1. Let z be c(-4). Let r be ((-8)/6)/((-7)/(-42)). Let s = z - r. Calculate the highest common divisor of 12 and s.
3
Let k be -3 - -1 - (7 + -19). Let f = -45 - k. Let x = 94 + f. What is the greatest common divisor of x and 13?
13
Suppose -f - j + 0 = -3, -5*j = 3*f - 11. Suppose 0 = -h - f*h. Let b = 12 + h. What is the greatest common divisor of 4 and b?
4
Let v(w) = -3*w - 14. Let y be v(-8). What is the greatest common factor of y and 10?
10
Let g(l) = -24*l. Let d be g(-1). Suppose -5*y + 7 = -8. Calculate the greatest common factor of d and y.
3
Suppose q - 43 + 13 = 0. What is the greatest common factor of 10 and q?
10
Suppose w - 3*s - 152 = -0*s, w = -5*s + 120. What is the highest common divisor of 14 and w?
14
Let b(w) = w**3 - 7*w**2 + 6*w - 2. Let v be b(6). Let j be 1*8 + 4 + v. Let g(h) = -15*h + 5. Let t be g(-3). What is the highest common divisor of j and t?
10
Let a(u) = -u**2 - 3*u - 4. Let y be a(-3). Let g be 12/9*(-6)/y. Let q be (-11)/(g/(-40)*2). What is the highest common factor of 10 and q?
10
Suppose -2*i = -5*i + 66. Let j be -3 - -3 - (-11 + 0). Suppose q - 44 = j. What is the highest common factor of q and i?
11
Let x be 2/4*(-6)/(-3). Let n(k) = k - 5. Let i be n(3). Let d = 7 + i. Calculate the highest common divisor of d and x.
1
Suppose -k - 42 = -2*k. Calculate the greatest common factor of k and 6.
6
Let i = -16 - -18. What is the highest common divisor of 16 and i?
2
Suppose -4*c = 4, c + 207 = 5*s - 64. Suppose -4*a + 10 = -3*g + s, -2*a - 62 = -4*g. Calculate the highest common divisor of g and 16.
16
Let q(x) = -x**3 + 18*x**2 + 19*x + 4. Let c be q(19). What is the greatest common factor of c and 4?
4
Let b(n) = n**2 - 12*n - 2. Let z be b(13). Let w be 14/63 - 97/(-9). What is the highest common divisor of w and z?
11
Let l(r) be the second derivative of r**5/20 - 7*r**4/12 + 7*r**3/6 + 7*r**2/2 + 3*r. Let w be l(7). What is the greatest common divisor of w and 7?
7
Suppose -4*n + 52 = -5*o - 58, n + 3*o - 19 = 0. Calculate the highest common factor of 15 and n.
5
Let q(z) = 8*z - 38*z + 2 - 49*z. Let g be q(-1). Let r = 1 + 8. What is the highest common factor of r and g?
9
Let g(n) = n**3 - 3*n**2 + 4*n + 3. Let x be g(4). Suppose -5*y = -f + 27 + 3, 5 = 4*f + 3*y. What is the greatest common factor of f and x?
5
Let h be 0 + (3 - 1) + 1. Suppose -4*r - 3*z + 96 = 0, -3*z = h + 9. What is the highest common divisor of 3 and r?
3
Suppose 132 = -0*b - b. Let x be 5/(45/b)*-6. Let u be 3/(-12) + 66/8. What is the highest common divisor of x and u?
8
Let z = -15 + 37. Let r = 0 + 4. Suppose m + z = r*x, 0 = 2*x + 5*m - 9 - 13. What is the highest common divisor of x and 6?
6
Let w(t) = -4*t + 2. Let j be w(-2). Let b be (j - 3)*24/14. Let z = 8 + 4. What is the highest common divisor of b and z?
12
Suppose y + 4*m + m + 20 = 0, 3*y + 4*m + 5 = 0. Suppose y*i - 2*i = 171. Calculate the greatest common factor of i and 38.
19
Suppose -4*h + 0*h = 0. Suppose 2*q = 3*r + 11, h*q + q - 16 = 5*r. Calculate the greatest common divisor of q and 11.
1
Let d be (-76)/8*2*1. Let l = d + 49. Suppose 3*n - l = n. Calculate the greatest common factor of 45 and n.
15
Let n = 10 - 0. Let x be (-2)/n - 32/(-10). Suppose 4 = x*s + s, -35 = -4*f + 5*s. What is the highest common divisor of 5 and f?
5
Let w(q) = q - 5. Let d be w(7). Suppose -d*v = 4 - 14. Let t be (1 + -3)*(-10)/1. Calculate the greatest common divisor of t and v.
5
Let q be -3 + (-1 - -2) + 22. Suppose -5*y = 2*p, -y - 4*y = -2*p - q. Calculate the greatest common divisor of y and 10.
2
Let n be (-2)/14 + 0 + (-184)/(-14). What is the highest common factor of 13 and n?
13
Let q be (((-3)/12)/1)/(3/(-24)). What is the greatest common divisor of 14 and q?
2
Let q = 36 + -22. Calculate the highest common factor of q and 14.
14
Suppose -b = -3*z - 54, -2*z = -3*b + 125 + 30. What is the highest common divisor of b and 68?
17
Let d(n) = n**3 - 16*n**2 + 11*n - 8. Let v be d(16). What is the highest common factor of 21 and v?
21
Let k(p) = p**3 - 7*p**2 - 5*p - 7. Let b be k(8). Calculate the highest common divisor of b and 153.
17
Let i = 30 - 6. Calculate the greatest common divisor of i and 264.
24
Let q(g) = 5*g**2 - 9*g - 3. Let o be q(-6). Calculate the highest common divisor of 21 and o.
21
Let s(b) = 1. Let w(j) = -37*j - 4. Let r(x) = -3*s(x) - w(x). Let f be (-4 + 5)*(0 + 3). Let o be r(f). What is the highest common factor of 16 and o?
16
Suppose 0 = 4*r - 2 + 10. Let k be r/(-4) + 125/10. Calculate the greatest common divisor of k and 39.
13
Suppose 5 + 4 = 3*l. What is the greatest common divisor of l and 3?
3
Let o(q) = -q**3 + 4*q**2 - 3*q. Let l be o(-4). Suppose -z + 2*z = l. What is the greatest common factor of 56 and z?
28
Suppose 7*w - 12 - 2 = 0. Suppose -3*j + 92 = 26. Calculate the highest common divisor of w and j.
2
Let u be (1 - (-12)/(-9))*-9. Suppose 0 = -r - u + 4. What is the greatest common factor of 5 and r?
1
Let h = 16 - -10. Suppose b = -0*b + h. Calculate the highest common divisor of 13 and b.
13
Let d = -808 - -810. Let p = 50 - 32. Calculate the greatest common divisor of d and p.
2
Suppose 0 = 15*d - 10*d - 105. Calculate the highest common factor of d and 3.
3
Let v(n) = -16*n**3 - n. Let j be v(-1). Suppose 8*q = 584 + 912. Calculate the highest common divisor of j and q.
17
Suppose 4*c = -4*o, 3*c - 18 = 8*c - 4*o. Let i = -69 - -75. Let t = i + c. Calculate the highest common factor of 44 and t.
4
Let u = 1 - 11. Let g(s) = -s. Let y be g(u). Calculate the highest common factor of 80 and y.
10
Let j = 72 - -38. What is the highest common factor of 20 and j?
10
Let j be -1*(2 - (-214)/(-2)). What is the greatest common divisor of j and 21?
21
Let g be 28/6*9/2. Let q = g + -10. What is the highest common factor of q and 11?
11
Let k(c) = c**3 - 7*c**2 - 4*c - 17. Let b be k(8). Calculate the greatest common divisor of b and 15.
15
Suppose 5*t = 3*t + 42. What is the greatest common factor of t and 21?
21
Let i(j) = 2*j**3 - 2*j**2 - 4*j + 1. Let s be i(3). Calculate the highest common divisor of s and 175.
25
Suppose -q + 135 = -5*o + 43, -3*q = 5*o - 196. Let n = 162 - q. Calculate the highest common factor of n and 10.
10
Let l be -2*(-3 + 1) + -68. Let k be -3 - -3 - -2 - l. Calculate the greatest common divisor of 99 and k.
33
Let v = -26 + 39. What is the greatest common divisor of v and 13?
13
Let a = 10 + -14. Let i = a + 42. Let s be i/14 + (-4)/(-14). Calculate the highest common divisor of s and 15.
3
Let k be ((-4)/(-6))/((-2)/(-3)). Let m = k - -8. Calculate the highest common factor of m and 72.
9
Suppose 4*p - 6 - 10 = 0. Suppose -h - p*v + 10 = 4*h, 40 = 5*h - 2*v. What is the highest common factor of h and 48?
6
Let k be (-4)/(-14) - (-435)/21. Let c be 2*(147/6)/7. What is the greatest common divisor of k and c?
7
Let q be 4*3/(18/(-3)) + 47. What is the greatest common divisor of q and 30?
15
Let f(t) = t**3 - 5*t**2 - 4*t - 6. Let r be f(6). What is the highest common divisor of 48 and r?
6
Suppose -4*p = 387 - 1255. Suppose 5*y = 4*z + p, y + 5*z - z = 53. Calculate the greatest common factor of y and 5.
5
Let i(x) = x**3 + 9*x**2 - 4*x - 18. Let k be i(-9). Calculate the greatest common divisor of k 